common divisor of k and 783.
27
Let h be 22/3 + 512/192. Let q(s) = -158*s - 4. Let v be q(-3). Calculate the greatest common factor of h and v.
10
Let t(f) = f + 12. Let u be t(-13). Let v be 22 + u + 5 + -8. Let x(s) = s**3 - 18*s**2 + s - 14. Let n be x(v). What is the greatest common divisor of n and 2?
2
Let q be (-3*(2292/(-18) - 5))/1. Let s = 407 - q. What is the highest common factor of 270 and s?
10
Let s = 55 + -156. Let u = -77 - s. What is the greatest common factor of 384 and u?
24
Let x(t) = -9*t + 94. Let r be x(12). Let y be ((-2)/7 + (-1278)/r)*1. What is the greatest common divisor of y and 104?
13
Suppose -15 = 13*b + 102. Let j be (-7)/(4 + b/2). Calculate the highest common divisor of j and 3.
1
Let u be ((-8432)/620)/((-1)/60). Calculate the greatest common factor of 112 and u.
16
Let g = 28212 + -28192. Let j be (-6)/14 + (-40374)/(-126). What is the greatest common factor of j and g?
20
Let k be 86 + ((-2562)/504 - (-2)/24). Calculate the greatest common divisor of 333 and k.
9
Let y(n) = 6*n**2 + 8*n + 11. Let d be y(-1). What is the greatest common factor of 5067 and d?
9
Let l be ((-6)/(4 + 8))/((-2)/320). Let n be ((-40)/(-40))/(1/l). Calculate the highest common factor of 5 and n.
5
Let f(j) = j - 19. Let o be f(7). Let d = o - -60. What is the greatest common divisor of d and 912?
48
Let t be 2395/(-2)*(189/15 + -23). What is the greatest common divisor of 26 and t?
26
Let a = -802 + 2863. Calculate the highest common factor of 9 and a.
9
Let t(h) = -h**3 + 46*h**2 - 441*h + 28. Let c be t(23). What is the highest common divisor of c and 486?
54
Let n be (-1)/((-11)/2) - (-4066)/22. Let d = n - 172. Let l(r) = r**3 + 9*r**2 - 3*r + 4. Let y be l(-6). What is the highest common factor of d and y?
13
Suppose -2*l - 119 = -5*o, 28*l = 29*l - 3. Let f be (-5 + 2/(-10))/((-1)/o). What is the highest common divisor of f and 30?
10
Suppose -11*k - 30 - 47 = 0. Let g(r) = r**3 + 11*r**2 - 5*r - 42. Let m be g(k). Calculate the highest common factor of 252 and m.
63
Let k = 97 + -94. Suppose g - 2*j = -1, 4*j + 11 = k*g + 10. Suppose -447 = -5*x - 3*d, g*d = x - 4*x + 273. Calculate the greatest common factor of x and 29.
29
Let m(j) be the second derivative of 5*j**5/4 - j**4/6 - 5*j**3/2 + 8*j**2 + 157*j. Let q be m(1). What is the highest common factor of q and 168?
24
Suppose i = -2, -5*i = -8*o + 9*o - 347. What is the greatest common factor of 14518 and o?
119
Suppose -2803 - 3817 = -20*y. Suppose 332*l - 210 = y*l. Calculate the greatest common divisor of 126 and l.
42
Let h be 12/(-14)*-1*49. Suppose 61*j - 8878 + 6316 = 0. What is the greatest common divisor of h and j?
42
Let x(j) = -j**3 + 30*j + 6. Let v be x(-6). Suppose -6*o - 6 = -v. Let q be -2*(-1)/2*6. Calculate the highest common factor of q and o.
6
Let i = 92 + -59. Suppose -6*c + 20 = -11*c, 0 = -5*o - 2*c + 7. What is the highest common factor of i and o?
3
Suppose 29 + 4 = 11*n. Suppose o - 164 = -5*z + z, -n*o + 4*z + 412 = 0. Calculate the highest common divisor of 36 and o.
36
Suppose 0 = 10*t - 4*t - 1800. Let l be ((-108)/10)/((-90)/t). What is the highest common divisor of l and 16?
4
Suppose -3*r + 204040 = 4*s, -115 + 101 = -2*s. What is the greatest common factor of r and 12?
12
Let j = -13463 - -13503. Calculate the greatest common divisor of j and 6850.
10
Let y(j) = 3*j. Let a be y(6). Let i = -9 + a. Suppose 49*k - 64*k = -45. Calculate the highest common factor of k and i.
3
Let o = -257 - -260. Suppose 0 = o*i - 0*h - h - 11, -h + 29 = 5*i. Calculate the greatest common divisor of 25 and i.
5
Suppose -6*x + 33 - 9 = 0. Suppose h = -x*r + 721, -4*r - 4*h = -0*h - 724. What is the greatest common divisor of r and 40?
20
Let s = 7718 + -7276. What is the highest common divisor of 544 and s?
34
Let a = -192 + 933. What is the greatest common factor of a and 285?
57
Suppose -2*o = o. Suppose o = -4*x - 4*u - 0*u + 428, -218 = -2*x - 4*u. Let z be (117/(-18) + 6)*-30. What is the highest common divisor of z and x?
15
Let v = -2195 - -2303. Suppose 4*m + 68 + 230 = -b, 0 = 4*m - 2*b + 304. Let q = v + m. What is the highest common factor of 44 and q?
11
Suppose -501*g = 4*z - 506*g - 300293, 0 = -5*z - 2*g + 375325. Calculate the highest common factor of 277 and z.
277
Suppose -9*z + 19*z - 2970 = 0. Let m = -38 + z. What is the highest common divisor of m and 74?
37
Suppose 5*z = 5*s - 80, 2*s + z + 511 = 537. What is the highest common divisor of 13174 and s?
14
Suppose 4*v - 12248 = -4*z, 33*z - 37*z + 12251 = 5*v. Calculate the greatest common factor of 19 and z.
19
Let d = -990 + 5857. What is the greatest common factor of 62 and d?
31
Suppose -6*f + 893 = -3*f - b, 0 = -2*f + 4*b + 602. Suppose 0 = 3*x + 3*l - 42, 0 = -x - 2*l + 29 - 12. Calculate the highest common factor of x and f.
11
Let s(t) = 59*t**2 + 5*t - 14. Let g be s(1). What is the greatest common divisor of g and 2025?
25
Let k be -10 + (-5)/(-15)*114. Let r be 1/3 + 130/6. Let s = k - r. What is the greatest common divisor of 3 and s?
3
Let z = -1213 - -1249. Let j be (1/2)/((-16)/(-3744)). What is the greatest common factor of z and j?
9
Let r(a) = -2*a**3 - 2*a**2 - 3*a - 5. Let m be r(-5). Suppose 4*h - 14*h = -m. Calculate the greatest common factor of 84 and h.
21
Let u = -14 + 21. Suppose 4*w - 9 = u. Suppose -188 = 96*i - 190*i. Calculate the greatest common divisor of i and w.
2
Let g = 5098 + 30818. What is the greatest common divisor of g and 164?
164
Let s = 51634 - 32194. What is the greatest common divisor of s and 12?
12
Let j(i) = -5*i**2 + 136*i - 27. Let v be j(27). Suppose 3*g - q - 374 = v, 13*g - 5*q - 382 = 10*g. What is the highest common divisor of g and 4?
4
Let d = -7140 + 7195. Let i be 3/(-6) + (-9)/2. Let a(h) = h**3 + 5*h**2 - 2*h + 1. Let g be a(i). What is the highest common factor of g and d?
11
Let v(j) = j**2 - 28*j - 673. Let f be v(-41). What is the greatest common factor of 294 and f?
98
Let n(k) = 809*k**2 - 2*k + 8. Let o be n(-1). What is the greatest common factor of 1521 and o?
117
Suppose 41*z = -51*z - 6*z + 19502. Calculate the highest common factor of z and 15721.
199
Let n be (-1)/(-2)*0/(-1). Suppose 2*j + 3*j - 170 = n. Suppose 21273 + 12897 = 201*v. Calculate the greatest common factor of v and j.
34
Let b(k) = 18*k + 657. Let z be b(-30). Suppose -90 = -8*w + 3*w. Calculate the highest common factor of z and w.
9
Let m be (-5)/1*5/(500/(-3840)). Calculate the highest common divisor of 168 and m.
24
Let s be ((-304)/(-72))/(4/6)*(24 - 0). Calculate the greatest common factor of s and 96.
8
Let w = -217 + 218. Let p be (-18317)/(-143) - w/11. What is the highest common factor of p and 16?
16
Let r(j) = 10*j - 107. Let l be r(11). Suppose 5*b = 7*b + 4*c - 188, 3*b = l*c + 264. What is the greatest common factor of 144 and b?
18
Let q(v) = -v**3 - 16*v**2 - 17*v - 9. Let k be q(-15). Suppose l + 2*b = 9 + 2, -3*b - k = -l. Calculate the highest common factor of 30 and l.
15
Let p = 17002 - 16746. Calculate the greatest common factor of 112 and p.
16
Let l(h) = h - 20. Let a(f) = 10*f - 194. Let j(k) = a(k) - 11*l(k). Let t be 40/(-3) + 2/(-3). Let s be j(t). What is the greatest common divisor of s and 10?
10
Let q be ((-308)/(-42))/(2/24). What is the highest common divisor of q and 3608?
88
Suppose -6*h + 136 = -2. Suppose -22*g - 42 = -h*g. What is the greatest common divisor of g and 56?
14
Let v = -541 - -374. Let g = 202 + v. What is the greatest common divisor of 28 and g?
7
Let a(k) = -2*k - 7. Let n = 32 + -31. Let x(y) = -y - 1. Let h(z) = n*a(z) - x(z). Let d be h(-8). Calculate the highest common factor of 1 and d.
1
Let l(i) = -136*i - 16. Let z be l(-1). Let a = 140 - z. What is the highest common factor of a and 16?
4
Let r be 3 + 0 + 6 + -2. Suppose l + 51 = 2*g, -g + 0*l = l - 33. Let c = g + 0. Calculate the greatest common divisor of r and c.
7
Suppose u - 2*u = -27. Let d be (-4 - u/(-6))*30. Let p = -29 + 44. Calculate the highest common divisor of d and p.
15
Let o = 160 + -41. Let w = o - 115. What is the greatest common factor of 3 and w?
1
Let p = -239 + 277. Let v be (-351)/(-15) + 2 - p/95. What is the greatest common factor of 625 and v?
25
Suppose 13*w - 241 = -v, 24*v + w = 26*v - 401. Wh